vided by o.
10
Let v(n) = -19*n + 2. Let u be (-5)/(-2)*(-5)/((-100)/16). Suppose w + 43 = u*f - 0*w, 23 = f - 2*w. Calculate the remainder when v(-3) is divided by f.
17
Let b = 3 + -1. Suppose 2*z - 23 = 3*h + b*h, z + h = 29. Suppose -3*t + 103 + 176 = 0. What is the remainder when t is divided by z?
21
Suppose -3*x - 15 = 0, 5*s = x - 123 + 758. What is the remainder when s is divided by 28?
14
Calculate the remainder when (3 - 55/(-15))*30 is divided by 67.
66
Suppose -4*m + 42 = -2*r, 9 = m - r + 2*r. Let n(w) = -w**3 + 2*w**2 - w + 2. Let u be n(2). Let c = 3 + u. What is the remainder when m is divided by c?
1
Let h = -77 + 39. Let u = h - -3. What is the remainder when 29 is divided by ((-100)/u)/(2/7)?
9
Let o(a) = -a**3 + 6*a**2 + 15*a - 15. What is the remainder when 91 is divided by o(7)?
9
Suppose -5*r = -2*j - 2*r - 302, 3*j + 5*r + 453 = 0. Let a be (20/15)/((-2)/(-387)). Let q = j + a. Calculate the remainder when q is divided by 36.
35
Let r(n) = 101*n + 80. Let o(s) = 20*s + 16. Let q(k) = 11*o(k) - 2*r(k). Let i be q(6). Suppose -v = -i + 22. What is the remainder when v is divided by 35?
32
Let p(r) = r**2 - 406*r - 1630. Calculate the remainder when p(-4) is divided by (-2)/(-1) - (0 - 1).
1
Suppose 0 = -4*o + 5*m + 96, -3*m + 1 = -o - 8*m. Let v be (-2)/9 + (-1475)/45. Let d = v - -45. What is the remainder when o is divided by d?
7
Suppose 4*z = -12, -2*d + 8*z - 73 = 3*z. Calculate the remainder when (-4)/(-6)*3 - d is divided by 12.
10
Let u(z) = -13*z**2 - 92*z + 6. What is the remainder when 142 is divided by u(-7)?
12
What is the remainder when 110 is divided by (5/(-5) - 0)*-53?
4
Suppose -8 = -2*m - 0*m. Suppose -3*x - 2*x - 185 = -m*z, -5*z - 5*x + 265 = 0. Calculate the remainder when z is divided by 28.
22
Let l(d) = d**2 + d - 3. Let b be l(3). Let q(n) = 2*n - 6. Calculate the remainder when 58 is divided by q(b).
10
Suppose 4*z - 4 = -3*j + 6, j = -3*z. Let f = -4 + j. Suppose -4*c - 16 = 0, -3*v - v = f*c - 12. What is the remainder when 14 is divided by v?
4
Let m(u) = 40*u**2 - 16*u + 14. Calculate the remainder when 46 is divided by m(1).
8
Let j = 3 + -4. What is the remainder when 110 - (13 + 91/(-13) + -1 + 0) is divided by (54/(-2))/1*j?
24
Suppose -56 = -5*k - h, -3*k - 4*h - 9 + 46 = 0. What is the remainder when 14 is divided by k?
3
Suppose -11*v = -771 + 254. What is the remainder when 279 is divided by v?
44
Suppose -307*x = 4*y - 302*x - 13622, 5*y - x = 17042. What is the remainder when y is divided by 155?
153
Let v = -8 - -13. Let k be (5 + 0)*6/6. Let c = -1 + k. Calculate the remainder when v is divided by c.
1
Suppose -160*q + 152*q = -600. Calculate the remainder when q is divided by 19.
18
Let w(n) = -2*n**2 + 24*n - 4. Let v be w(14). Calculate the remainder when (v/14 - 6/(-21)) + 70 is divided by 17.
15
Let k = 1085 + -760. What is the remainder when k is divided by 41?
38
Let c = 67 + -43. Suppose -2*t + y = 5*y + 40, -5*t + y = 67. Let f = 84 + t. What is the remainder when f is divided by c?
22
Suppose 194 = 5*m + 4*u, -4*m + 7*u - 10*u = -156. Calculate the remainder when 418 is divided by m.
40
Let r = -87 - -144. Suppose 0 = 16*o - 225 - 95. Calculate the remainder when r is divided by o.
17
Let x be (-6)/30 + 1/5. Suppose x - 195 = -3*y. What is the remainder when y is divided by 33?
32
Suppose 394 = 5*d + i, 8*d - 5*d + 3*i - 246 = 0. Calculate the remainder when d is divided by 41.
37
Let d = 1193 - 1183. What is the remainder when 296 is divided by d?
6
Let z(t) = -14*t + 130. Calculate the remainder when z(8) is divided by 5.
3
Let u(v) = -5*v - 7. Let l(s) = 1. Let c(f) = 6*l(f) + u(f). Let a(o) = -o + 1. Let w be a(4). What is the remainder when 27 is divided by c(w)?
13
Suppose w = -0*w + 51. Calculate the remainder when w is divided by (-1)/((25/5)/(-130)).
25
Let d be (-10)/(-3)*(-63)/(-2). Suppose a = 2*i - 75, 2*a = -2*i - 3*a + d. Suppose 0 = 3*t + 2*t - i. Calculate the remainder when t is divided by 2.
0
Let b(a) = -10*a**3 - 3 - a + 5 + 4*a**2 - 3*a**2. Suppose z = 4*i - 3*z, 2*z = 3*i + 2. Calculate the remainder when b(i) is divided by 30.
28
Let s(l) = -2*l**3 + 26*l**2 - 22*l + 23. Calculate the remainder when 1597 is divided by s(12).
46
Let t = 1124 - 619. What is the remainder when t is divided by 32?
25
Let y(w) = 5*w**2 + 14*w + 15. What is the remainder when 105 is divided by y(-3)?
15
Suppose 7*q = 26 + 121. Let k = q + -2. What is the remainder when 37 is divided by k?
18
Let z = -138 + 229. Let t = -48 + z. Suppose k - 12 = -1. What is the remainder when t is divided by k?
10
Let a = 489 + -488. What is the remainder when 16 is divided by a?
0
Suppose -8 = 2*z, 4*m = -2*z + z + 24. What is the remainder when m is divided by 4?
3
Suppose 15*m + 183 - 663 = 0. Calculate the remainder when 64 is divided by m.
0
Let k(b) = -b + 24. Suppose m = -0*m - 3*h + 32, -3*h = -2*m + 73. Let u = -22 + m. Calculate the remainder when k(0) is divided by u.
11
Let u(t) = 16*t**2 + 49*t + 2. Calculate the remainder when u(-4) is divided by 17.
11
Let t(r) = 15*r + 41. What is the remainder when 91 is divided by t(1)?
35
Let l(q) = -44*q - 40. Calculate the remainder when l(-3) is divided by 48.
44
Suppose -4*c + 2*n = -252, 106 = c + c + 4*n. Calculate the remainder when c is divided by 18.
7
Suppose 0 = 21*z - 2977 - 1832. Calculate the remainder when z is divided by 39.
34
Let d = -637 + 734. Calculate the remainder when d is divided by 5.
2
Let n(h) = -15*h - 11. Suppose 0 = 4*x + 4*x - 88. What is the remainder when n(-5) is divided by x?
9
Let u(c) = c**3 + 4*c**2 + 6*c + 86. What is the remainder when u(-5) is divided by 9?
4
Suppose -8*d + 17 = -47. Let p(m) = m**2 - 4*m - 25. What is the remainder when 7 is divided by p(d)?
0
Let w(y) = -361*y + 185. Calculate the remainder when w(-1) is divided by 18.
6
Suppose 5*m - 17 = -4*k, 0 = -2*m + 3*k + 4 + 12. What is the remainder when 1/2*(-532)/(-7) is divided by m?
3
Suppose -y - 3*y - 332 = 0. Let l = y + 176. What is the remainder when l is divided by 16?
13
Suppose -3 + 31 = l - f, 0 = 9*l + 2*f - 252. What is the remainder when l is divided by 16?
12
Suppose 17*k + 3 = 18*k. Suppose -6*y = -k*y - 63. Let r = -11 + 17. Calculate the remainder when y is divided by r.
3
What is the remainder when 76 is divided by (-4)/2*124/16*-2?
14
Suppose -5*i = 116 - 216. Let t be -2*(-1 - (3 + -2)). Suppose -12 = -t*g, 5*w - 3*g + g = 54. What is the remainder when i is divided by w?
8
Let m be 1*(-25)/(0 - 5). What is the remainder when 83 is divided by 18 - (0 - (-2 + m))?
20
Suppose 4*p + 51 = 3*a, 3*p = -5*a + 63 + 22. What is the remainder when 31 is divided by a?
14
What is the remainder when 275 is divided by (((-1395)/(-10))/(-3))/(4/(-8))?
89
Let t = 29 - 17. Suppose 4*w = 3*o + 12, 0 = w - 5*o + 4*o - 4. Suppose 2*l = -w*l + 46. Calculate the remainder when l is divided by t.
11
Let l = 39 + -76. Let x = -11 - l. Let a(i) = -8*i - 71. What is the remainder when x is divided by a(-10)?
8
Suppose 11 + 31 = -2*p + 4*y, -5*p = 4*y + 35. Let u(z) = -25*z - 25. Let x be u(p). Suppose -2*a + 7*a - x = 0. What is the remainder when a is divided by 13?
11
Let n(a) = a**3 - 7*a**2 + 13*a - 4. Suppose -4*c + 26 = 6. Calculate the remainder when 52 is divided by n(c).
8
What is the remainder when 1470 is divided by (-156)/(-182) + (-310)/(-14)?
21
Calculate the remainder when 2728/310*55/4 is divided by 12.
1
Let c be (-1)/((-6)/5 - -1). Suppose -c*p + 6 + 64 = 0. What is the remainder when 66 is divided by p?
10
Let l(r) = -9*r**2 + 70*r - 48. Let v(o) = -5*o**2 + 35*o - 24. Let j(x) = -3*l(x) + 5*v(x). Calculate the remainder when 22 is divided by j(17).
1
Suppose 5*x - 485 = -9*i + 4*i, 2*i - 295 = -3*x. What is the remainder when x is divided by 17?
16
Let j = 57 - 30. Suppose -20*b + c + 39 = -15*b, -3*b - 4*c + 28 = 0. Calculate the remainder when j is divided by b.
3
Suppose 2*w = -65 - 183. Let u = w + 208. Calculate the remainder when u is divided by 17.
16
Let n(l) = 4*l - 12. Let h = -5 - -11. Calculate the remainder when ((3 + 4)*5)/1 is divided by n(h).
11
Suppose -5*y = 5*p - 2*y + 162, -2*p = -y + 56. Let u be 1 + (-2 + 37 - 2). Let j = u + p. What is the remainder when j is divided by 3?
1
Let v(l) = -